/3 - 5*q**2/2 + 3*q - 88. Determine b(-5).
3
Let m(l) = -l**2 - 5. Let c(k) = -k - 1 + 2 - 2. Let p = -97 + 98. Let g(u) = p*c(u) - m(u). What is g(0)?
4
Suppose -3*u + 10*o = 7*o, -3*u = 3*o. Suppose u = -34*z + 36*z. Let m(k) = -2*k + 4. Let s(p) = -5*p + 8. Let v(a) = -7*m(a) + 3*s(a). What is v(z)?
-4
Let k = 76 + -13. Let i be (2/(-6))/(3/k). Let g(x) = x**2 + 8*x + 5. Calculate g(i).
-2
Let w(f) = f**2 - 7*f - 2. Let j be 69 + 0 - (-5 + -4 + 12). Let t be ((-2)/2)/(j/(-21) - -3). Calculate w(t).
-2
Suppose 0 = 3*o - 5*j + 12, j - 71 = o - 67. Let u(n) = -3*n**2 + 2. Determine u(o).
-46
Let g(m) be the first derivative of -m**3/3 + 5*m**2 - 8*m - 63. What is g(10)?
-8
Let l = 0 + -14. Let m = -5 - l. Let t(x) = 0*x - m + 0*x - 5*x - 2*x - x**2. Give t(-6).
-3
Let h(g) = -3*g**2 + 20*g + 6. Let q be h(7). Let j(d) = d**3 - d**2 - 2*d - 1. What is j(q)?
-1
Let s(q) = -4*q**3 - q + 1. Let r(g) = 5*g**3 - g**2 + 2*g - 2. Let f(d) = -3*r(d) - 4*s(d). Give f(-4).
-6
Let j(f) = f**3 + 2*f**2 - 3*f - 1. Let y(m) be the third derivative of m**4/6 - 7*m**3/6 + 24*m**2. Let u be y(1). Give j(u).
-1
Let c(t) = -25 - t - 18 + 55 + 14 - 23. Let i(u) = u**3 - 7*u**2 + 5*u + 1. Let a be i(6). Determine c(a).
8
Let v(x) = 5*x**2 - 4*x + 1. Let o(i) = 37 - 16 + 3*i - 4*i**2 - 21. Let l(z) = 4*o(z) + 3*v(z). Calculate l(0).
3
Let p(j) = 2*j + 4. Let a(z) = 3*z - 26. Let s(c) = a(c) - 3*p(c). Give s(-14).
4
Let u(i) = -4*i. Let c be 8*((-38)/8 + 1). Let k be ((-1)/1)/(10/(-620)*2). Let q = c + k. Calculate u(q).
-4
Let i(u) = 2*u. Let x be i(2). Let j(h) = -100 + 101 + 3*h - 2*h**2 + h**2. What is j(x)?
-3
Let v(k) = k**3 - 9 - 697*k**2 + 356*k**2 + 346*k**2 + k. What is v(-4)?
3
Let q = -17 + 19. Let d(t) = 5 + 0 + 2*t**2 + 4*t**2 - t**2 - t**3 - q*t. Calculate d(5).
-5
Let m be ((-25)/(-10))/(7/(-14)). Let o(d) be the third derivative of -d**5/60 - d**4/4 + 2*d**2. Determine o(m).
5
Let j(b) = 6*b. Let t = -42 - -47. Determine j(t).
30
Suppose -25*f + 28*f + 12 = 0. Let u be (16/(-24))/(f/30). Let w(i) = 1 - 3 - 2*i + 3*i. Calculate w(u).
3
Let o(k) = -2*k**2 + k. Let s(d) = -d**2 - 5*d. Let l be (-100)/30 + (-4)/6. Let b be s(l). Suppose -3*f = 3*j - b*f - 11, 3*j - 3*f = 21. Give o(j).
-6
Let p(b) = -b**2 - b - 2. Let x = 26 - 21. Suppose 0 = u + 4*t - 5 + 13, -3*u - 7 = -x*t. What is p(u)?
-14
Let y be 3/(4/(-304)*-6). Suppose 9*a - 4*a = 3*d + 15, 4*d - y = -3*a. Let c(b) be the second derivative of -b**3/3 + 3*b**2 + 4*b. Give c(a).
-6
Let g(w) = -44*w + 81*w - 40*w + 5 - 2. Calculate g(8).
-21
Let l(p) = p**3 + 5*p**2 - 5*p - 3. Suppose -5*c = -0*c. Suppose -6*m - 36 = -c*m. Determine l(m).
-9
Let o(h) = -40*h**3 - 1 + h**2 - 40*h**3 + 79*h**3. Let d(c) = -2*c**3 - 4*c**2 - c - 4. Let u(a) = -d(a) + 3*o(a). Calculate u(7).
8
Let f be (-6)/18 + 35/(-21). Let b(a) = 3*a**3 + a**2 - 2*a - 1. Calculate b(f).
-17
Let r(w) = w**2 + 8*w + 5. Let j = 1014 + -1019. Calculate r(j).
-10
Let b(d) = -3*d**2 + 7*d - 4. Let m be 204/50 - (-2)/(-25). Calculate b(m).
-24
Suppose 0 = -2*k - 2*k - 48. Let w = k + 6. Let r(o) = -2*o - 7. Give r(w).
5
Suppose 27*y - 24*y + 2*g = 15, 3*g + 25 = 5*y. Let f(x) = -6*x + 2*x**2 - 3 + 0*x - 4. What is f(y)?
13
Let c(j) = 3*j + 1. Let r(g) = -1. Let p(k) = -c(k) + 4*r(k). Let v(t) = -5*t - 9. Let w(b) = 7*p(b) - 4*v(b). Calculate w(-4).
5
Let f(z) = -z**2 - 2*z + 1. Let b(a) = -a**2 - 8*a - 2. Let r be b(-9). Let w be r - -16 - (-1 + 4). Suppose 0 = -c + 3*k, 2 + w = -c - k. Determine f(c).
-2
Let z(n) = -80 - 67 + 3*n + 144. What is z(-5)?
-18
Let i(q) = q**3 - 6*q**2 - 9*q. Let l(h) = h**3 - 3*h**2 + h - 13. Suppose -2*s = -d + 14, -4*d - 4*s - 4 = -0*d. Let a be l(d). Determine i(a).
-14
Let l(a) be the third derivative of a**5/60 - 7*a**4/24 - 13*a**3/6 + 92*a**2 - 1. Determine l(8).
-5
Let z = 19 - 16. Let t(u) = 7*u - u**3 - 2 - 4 - 5*u**2 + u**3 - u**z. Suppose -3*r + 36 = -5*s, 2*s + 14 = -r + 4. What is t(s)?
-12
Let g(m) = m**2 - 4*m - 1. Let k(z) = 3*z**2 - 12*z - 4. Let l(x) = 11*g(x) - 4*k(x). What is l(8)?
-27
Let m(s) be the first derivative of s - 1/2*s**4 - 50 - s**2 + 1/3*s**3. Determine m(2).
-15
Let z(i) be the third derivative of i**6/120 - i**5/20 - 5*i**4/24 - i**3/3 + 276*i**2. Give z(-3).
-41
Let h(c) = 6*c - 2. Suppose d = 3*y + 3 - 4, -2*d + 9 = 5*y. Let u(l) = -1 - 9*l - 2 + 14*l + d. Let t(w) = -3*h(w) + 4*u(w). Determine t(-4).
-6
Let m(u) be the second derivative of -u**6/360 - u**5/60 + u**4/12 - 5*u**3 + 35*u. Let q(a) be the second derivative of m(a). Give q(-3).
-1
Let w(c) be the third derivative of -c**7/840 - c**6/90 + c**5/40 - 7*c**4/24 + c**3/6 + 4*c**2. Let k(d) be the first derivative of w(d). What is k(-5)?
3
Let a(m) = m**2 + 11*m - 5. Suppose 5*j - 6 = 24. Let s(o) = -15 + 7*o + 25*o + 0*o + 3*o**2. Let n(p) = j*s(p) - 17*a(p). What is n(-5)?
-5
Let g be (3/(-8))/((-12)/8). Let n(x) be the third derivative of 1/3*x**3 - 1/60*x**5 + 0*x + g*x**4 + 0 + 2*x**2. What is n(6)?
2
Let i(n) = -652*n**2 + 6*n + 4 - 8 + 651*n**2. Suppose 0*a + 30 = -5*a. Let y = 10 + a. Determine i(y).
4
Let u(n) = -n**2 - 4*n - 4. Let h(r) = r + 18. Suppose -11*y - 255 + 2 = 0. Let x be h(y). Determine u(x).
-9
Let l(s) = 9 - s + 0*s + 0*s. Let g = -35 - -41. Give l(g).
3
Let j(n) = n + 5. Let f = -66 - -56. Give j(f).
-5
Let d(i) be the second derivative of 0 - 13*i + 1/6*i**3 + 2*i**2. What is d(0)?
4
Let d(k) be the third derivative of -k**5/60 - k**4/3 - 4*k**3/3 + 3*k**2 - 50*k. Suppose -6 + 0 = g. Calculate d(g).
4
Let q(z) be the first derivative of -z**7/840 + z**6/40 - z**5/15 - z**4/8 + z**3/3 - 18. Let r(c) be the third derivative of q(c). Calculate r(8).
-3
Let j(i) = -3*i + 12. Let b be (-30)/(-4) + (-120)/80. Determine j(b).
-6
Let o(q) = -q**3 - 1457 - 10*q - 12*q**2 - 1441 + 2909. Suppose -d + 12 = -2*h + h, -5*d + 5 = 0. Give o(h).
0
Let v be 11 + ((-4)/1 - -1). Suppose -y - 15 = -4*j, 0 = 3*j + 4*y - 8*y - v. Let k be 2/j - (-45)/10. Let q(t) = -t**3 + 7*t**2 - 8*t + 3. Determine q(k).
13
Let t(m) = m**3 + 5*m**2 + m - 1. Let d(y) = -y**3 - 4*y**2 - y. Let u be d(-4). Suppose 35 + 7 = 2*x. Suppose -h = -5*o, x = -4*h - 5*o + u*o. Calculate t(h).
-6
Let b(v) = 0*v**2 - 6 - v - 4 + v**2. Let a(j) = -2*j**3 + 9*j**2 - 4*j. Let f be a(4). Determine b(f).
-10
Let j(u) = -u. Let m be 2/4*10 + (-6)/2. Suppose -x = m*x + 9, -4*c - 4*x = 4. Determine j(c).
-2
Let p(d) be the second derivative of d**4/6 + d**3/6 + d**2/2 - 2*d. Let r(j) = 3*j - 3. Let t be r(4). Let x = t - 10. What is p(x)?
2
Let d(q) be the first derivative of q**2 + 62. Give d(-2).
-4
Let w(o) be the second derivative of o**4/12 - 2*o**3 + 13*o**2/2 - 21*o. Let m be w(10). Let l(d) = -1 - 2 - d - 2. What is l(m)?
2
Let v(y) = -y - 12. Let b(m) = 6. Let w(s) = -5*b(s) - 2*v(s). Let g be (6/10)/(2/20). Calculate w(g).
6
Let t(d) = d**3 - 7*d**2 - 5*d - 23. Let f be t(8). Let n(g) = -9*g**2 - 2*g + 3. Determine n(f).
-8
Let m(x) be the second derivative of x**5/20 - x**4/3 - 13*x**3/6 + x**2 - 2*x + 64. What is m(6)?
-4
Let m(y) = y**3 + 4*y**2 - 5*y + 7. Suppose 4*r = 4*v - 53 - 23, 0 = r - 5*v + 35. Let i(z) = -2*z - 35. Let s be i(r). Calculate m(s).
7
Let j(t) = -t**3 + t - 1. Let f(c) = -c**3 + 2*c**2 + 2*c - 3. Let n(o) = -f(o) + 2*j(o). Let y = -3 - -1. Determine n(y).
1
Let o(g) be the first derivative of 3/2*g**2 + 0*g + 4. Determine o(1).
3
Let n(j) = -5*j - 58. Let y(v) = v**2 - 118*v - 885. Let k be y(-7). Determine n(k).
-8
Let m(t) = 11*t**3 + 3*t + 3. Suppose 138 - 21 = -117*g. What is m(g)?
-11
Let f be ((-15)/(-10) + 12/(-8))/(-3). Let i(t) = t - 11. Determine i(f).
-11
Let o(t) = 3*t**3 - 3*t**2 + 11*t - 11. Let q be o(1). Let r(z) be the second derivative of 0*z**2 + 3/20*z**5 + 1/12*z**4 + q*z**3 + 0 + 12*z. What is r(1)?
4
Suppose -a + 15 = 2*a. Let s(b) = -2*b + 21. Let y(l) = l - 11. Let r(c) = a*y(c) + 3*s(c). Determine r(6).
2
Let s(n) = -4*n - 3 + 6*n + 5 + n**2. Suppose -5*j = -220 + 230. Give s(j).
2
Let c(a) be the first derivative of -4 - 5/2*a**2 + a. Give c(-1).
6
Let i(c) = -5*c**2 + 3*c - 2. Let q be i(1). Let h = 3 + q. Let l(n) = -2*n**2 + 1. Calculate l(h).
-1
Let n(x) = 5*x**2 - x - 2. Let y = 492 - 490. Calculate n(y).
16
Let m(c) = 75*c + 67*c - 135*c. Suppose -h - 1 + 3 = 0. Calculate m(h